{"id":243,"date":"2024-03-07T20:52:29","date_gmt":"2024-03-07T20:52:29","guid":{"rendered":"http:\/\/colegionobilis.com.br\/CN\/?page_id=243"},"modified":"2025-10-03T17:03:21","modified_gmt":"2025-10-03T20:03:21","slug":"parceiros","status":"publish","type":"page","link":"https:\/\/colegionobilis.com.br\/index.php\/parceiros\/","title":{"rendered":"Parceiros"},"content":{"rendered":"\n<h3 class=\"wp-block-heading has-text-align-center has-contrast-2-color has-text-color has-link-color has-body-font-family wp-elements-e1dd89793f7ff5a2fd9ca069412d7295\"><strong>PARCEIROS<\/strong><\/h3>\n\n\n\n<div class=\"wp-block-columns alignwide is-layout-flex wp-container-core-columns-is-layout-28f84493 wp-block-columns-is-layout-flex\">\n<div class=\"wp-block-column is-layout-flow wp-block-column-is-layout-flow\">\n<div class=\"wp-block-group is-layout-grid wp-container-core-group-is-layout-478b6e6b wp-block-group-is-layout-grid\">\n<p class=\"has-contrast-2-color has-text-color has-link-color wp-elements-680cc4dcfb13f118c1190c84db629328\"><strong>Cambridge University Press<\/strong><br>Qualifica\u00e7\u00f5es Cambridge English s\u00e3o exames de n\u00edvel que tornam o aprendizado de ingl\u00eas agrad\u00e1vel, eficaz e gratificante.\u00a0 <a href=\"http:\/\/www.cambridgeenglish.org\/br\">www.cambridgeenglish.org\/br<\/a><\/p>\n\n\n\n<p class=\"has-contrast-2-color has-text-color has-link-color wp-elements-f614f41013781362841319deb20026e4\"><strong>Y\u00e1zigi \u2013 Santo Andr\u00e9 \u2013 Centro<\/strong><br>Endere\u00e7o: Rua Santo Andr\u00e9, 380H<br>Centro \u2013 Santo Andr\u00e9 \u2013 SP<br>Tel. <a href=\"https:\/\/www.google.com\/search?q=yazigi+santo+andr%C3%A9+centro&amp;oq=yazigi+santo+andr%C3%A9+centro&amp;gs_lcrp=EgZjaHJvbWUyBggAEEUYOTIICAEQABgWGB4yCAgCEAAYFhgeMggIAxAAGBYYHjIKCAQQABiABBiiBDIKCAUQABiABBiiBDIHCAYQABjvBdIBCDcxNDFqMGo3qAIAsAIA&amp;sourceid=chrome&amp;ie=UTF-8&amp;safe=active&amp;ssui=on#\">(11) 2896-6082<\/a><br><a href=\"http:\/\/www.yazigi.com.br\/\">www.yazigi.com.br<\/a><\/p>\n\n\n\n<p class=\"has-contrast-2-color has-text-color has-link-color wp-elements-53b1995bd1d41174a8f1b06d99cca4bf wp-container-content-69bc4bdf\"><strong>Livraria Affosno e Castellano<\/strong><br>Endere\u00e7o: Rua das Bandeiras, 416<br>Bairro Jardim &#8211; Santo Andr\u00e9 \u2013 SP &#8211; CEP: 09090-780<br>Tel. Whatsapp (11) 11 4992-1166   <a href=\"https:\/\/www.acbooks.com.br\/\">www.acbooks.com.br<\/a><\/p>\n\n\n\n<p class=\"has-contrast-2-color has-text-color has-link-color wp-elements-a298bf69b7049eb1fd9c7ee9da419aca wp-container-content-69bc4bdf\"><strong>Editora FTD<\/strong><br>Rua Rui Barbosa, 156<br>Bela Vista, S\u00e3o Paulo \u2013 SP<br>Tel. (11) 3598-6000<br><a href=\"http:\/\/www.ftd.com.br\/\">www.ftd.com.br<\/a>                          <a href=\"https:\/\/app.souionica.com.br\/\">app.souionica.com.br<\/a>  <\/p>\n<\/div>\n<\/div>\n\n\n\n<div class=\"wp-block-column is-layout-flow wp-block-column-is-layout-flow\">\n<div class=\"wp-block-group is-layout-grid wp-container-core-group-is-layout-478b6e6b wp-block-group-is-layout-grid\">\n<p class=\"has-contrast-2-color has-text-color has-link-color wp-elements-e55ea853a037f13d6e3933f2f686c218\"><strong>SOMOS Educa\u00e7\u00e3o<\/strong><br>Endere\u00e7o: Rua Santo Andr\u00e9, 380H<br>Centro \u2013 Santo Andr\u00e9 \u2013 SP<br>Tel. <a href=\"https:\/\/www.google.com\/search?q=yazigi+santo+andr%C3%A9+centro&amp;oq=yazigi+santo+andr%C3%A9+centro&amp;gs_lcrp=EgZjaHJvbWUyBggAEEUYOTIICAEQABgWGB4yCAgCEAAYFhgeMggIAxAAGBYYHjIKCAQQABiABBiiBDIKCAUQABiABBiiBDIHCAYQABjvBdIBCDcxNDFqMGo3qAIAsAIA&amp;sourceid=chrome&amp;ie=UTF-8&amp;safe=active&amp;ssui=on#\">(11) 2896-6082<\/a><br><a href=\"https:\/\/login.plurall.net\/\">login.plurall.net<\/a>                  <\/p>\n\n\n\n<p class=\"has-contrast-2-color has-text-color has-link-color wp-elements-56b4888547667211eeff720cf82312ca wp-container-content-69bc4bdf\"><strong>Livraria Affosno e Castellano<\/strong><br>Endere\u00e7o: Rua das Bandeiras, 416<br>Bairro Jardim &#8211; Santo Andr\u00e9 \u2013 SP &#8211; CEP: 09090-780<br>Tel. Whatsapp (11) 11 4992-1166   <a href=\"https:\/\/www.acbooks.com.br\/\">www.acbooks.com.br<\/a>                          <\/p>\n\n\n\n<p class=\"has-contrast-2-color has-text-color has-link-color wp-elements-3c23a600d3704552d871e491d2776f8d wp-container-content-69bc4bdf\"><strong>Super C\u00e9rebro<\/strong><br>Endere\u00e7o: Av Jo\u00e3o Ramalho, 170, sala 605, vila Assun\u00e7\u00e3o, Santo Andr\u00e9, Brazil 09030-320<br>Tel. (11) 97891-1777<br><\/p>\n\n\n\n<p class=\"has-contrast-2-color has-text-color has-link-color wp-elements-af34349bf23b72201fec10123addc884 wp-container-content-69bc4bdf\"><strong>SAS Plataforma de Educa\u00e7\u00e3o<\/strong><br><a href=\"E-mail:\u00a0atendimento@sas.com.br\"><strong>E-mail:<\/strong>\u00a0atendimento@sas.com.br\u00a0<\/a> <strong>Site:<\/strong>\u00a0<a href=\"https:\/\/www.saseducacao.com.br\/sobre-nos\">Plataforma de Educa\u00e7\u00e3o SAS<\/a>\u00a0                                    <strong>WhatsApp:<\/strong>\u00a0(11) 3170-6669\u00a0<\/p>\n<\/div>\n<\/div>\n<\/div>\n\n\n\n<p class=\"has-contrast-2-color has-text-color has-link-color wp-elements-5d729671b34fb813eff06bd4dc38d6f6\"><\/p>\n\n\n\n<p><\/p>\n","protected":false},"excerpt":{"rendered":"<p>PARCEIROS Cambridge University PressQualifica\u00e7\u00f5es Cambridge English s\u00e3o exames de n\u00edvel que tornam o aprendizado de ingl\u00eas agrad\u00e1vel, eficaz e gratificante.\u00a0 www.cambridgeenglish.org\/br Y\u00e1zigi \u2013 Santo Andr\u00e9 \u2013 CentroEndere\u00e7o: Rua Santo Andr\u00e9, 380HCentro \u2013 Santo Andr\u00e9 \u2013 SPTel. (11) 2896-6082www.yazigi.com.br Livraria Affosno e CastellanoEndere\u00e7o: Rua das Bandeiras, 416Bairro Jardim &#8211; Santo Andr\u00e9 \u2013 SP &#8211; CEP: 09090-780Tel. [&hellip;]<\/p>\n","protected":false},"author":1,"featured_media":0,"parent":0,"menu_order":0,"comment_status":"closed","ping_status":"closed","template":"page-no-title","meta":{"footnotes":""},"class_list":["post-243","page","type-page","status-publish","hentry"],"yoast_head":"<!-- This site is optimized with the Yoast SEO plugin v26.0 - https:\/\/yoast.com\/wordpress\/plugins\/seo\/ -->\n<title>Parceiros - Colegio Nobilis<\/title>\n<meta name=\"robots\" content=\"index, follow, max-snippet:-1, max-image-preview:large, max-video-preview:-1\" \/>\n<link rel=\"canonical\" href=\"https:\/\/colegionobilis.com.br\/index.php\/parceiros\/\" \/>\n<meta property=\"og:locale\" content=\"pt_BR\" \/>\n<meta property=\"og:type\" content=\"article\" \/>\n<meta property=\"og:title\" content=\"Parceiros - Colegio Nobilis\" \/>\n<meta property=\"og:description\" content=\"PARCEIROS Cambridge University PressQualifica\u00e7\u00f5es Cambridge English s\u00e3o exames de n\u00edvel que tornam o aprendizado de ingl\u00eas agrad\u00e1vel, eficaz e gratificante.\u00a0 www.cambridgeenglish.org\/br Y\u00e1zigi \u2013 Santo Andr\u00e9 \u2013 CentroEndere\u00e7o: Rua Santo Andr\u00e9, 380HCentro \u2013 Santo Andr\u00e9 \u2013 SPTel. (11) 2896-6082www.yazigi.com.br Livraria Affosno e CastellanoEndere\u00e7o: Rua das Bandeiras, 416Bairro Jardim &#8211; Santo Andr\u00e9 \u2013 SP &#8211; CEP: 09090-780Tel. [&hellip;]\" \/>\n<meta property=\"og:url\" content=\"https:\/\/colegionobilis.com.br\/index.php\/parceiros\/\" \/>\n<meta property=\"og:site_name\" content=\"Colegio Nobilis\" \/>\n<meta property=\"article:modified_time\" content=\"2025-10-03T20:03:21+00:00\" \/>\n<meta name=\"twitter:card\" content=\"summary_large_image\" \/>\n<meta name=\"twitter:label1\" content=\"Est. tempo de leitura\" \/>\n\t<meta name=\"twitter:data1\" content=\"1 minuto\" \/>\n<script type=\"application\/ld+json\" class=\"yoast-schema-graph\">{\"@context\":\"https:\/\/schema.org\",\"@graph\":[{\"@type\":\"WebPage\",\"@id\":\"https:\/\/colegionobilis.com.br\/index.php\/parceiros\/\",\"url\":\"https:\/\/colegionobilis.com.br\/index.php\/parceiros\/\",\"name\":\"Parceiros - Colegio Nobilis\",\"isPartOf\":{\"@id\":\"https:\/\/colegionobilis.com.br\/#website\"},\"datePublished\":\"2024-03-07T20:52:29+00:00\",\"dateModified\":\"2025-10-03T20:03:21+00:00\",\"breadcrumb\":{\"@id\":\"https:\/\/colegionobilis.com.br\/index.php\/parceiros\/#breadcrumb\"},\"inLanguage\":\"pt-BR\",\"potentialAction\":[{\"@type\":\"ReadAction\",\"target\":[\"https:\/\/colegionobilis.com.br\/index.php\/parceiros\/\"]}]},{\"@type\":\"BreadcrumbList\",\"@id\":\"https:\/\/colegionobilis.com.br\/index.php\/parceiros\/#breadcrumb\",\"itemListElement\":[{\"@type\":\"ListItem\",\"position\":1,\"name\":\"In\u00edcio\",\"item\":\"https:\/\/colegionobilis.com.br\/\"},{\"@type\":\"ListItem\",\"position\":2,\"name\":\"Parceiros\"}]},{\"@type\":\"WebSite\",\"@id\":\"https:\/\/colegionobilis.com.br\/#website\",\"url\":\"https:\/\/colegionobilis.com.br\/\",\"name\":\"Colegio Nobilis\",\"description\":\"\",\"publisher\":{\"@id\":\"https:\/\/colegionobilis.com.br\/#organization\"},\"potentialAction\":[{\"@type\":\"SearchAction\",\"target\":{\"@type\":\"EntryPoint\",\"urlTemplate\":\"https:\/\/colegionobilis.com.br\/?s={search_term_string}\"},\"query-input\":{\"@type\":\"PropertyValueSpecification\",\"valueRequired\":true,\"valueName\":\"search_term_string\"}}],\"inLanguage\":\"pt-BR\"},{\"@type\":\"Organization\",\"@id\":\"https:\/\/colegionobilis.com.br\/#organization\",\"name\":\"Colegio Nobilis\",\"url\":\"https:\/\/colegionobilis.com.br\/\",\"logo\":{\"@type\":\"ImageObject\",\"inLanguage\":\"pt-BR\",\"@id\":\"https:\/\/colegionobilis.com.br\/#\/schema\/logo\/image\/\",\"url\":\"https:\/\/colegionobilis.com.br\/wp-content\/uploads\/2024\/03\/logocompleto.png\",\"contentUrl\":\"https:\/\/colegionobilis.com.br\/wp-content\/uploads\/2024\/03\/logocompleto.png\",\"width\":430,\"height\":121,\"caption\":\"Colegio Nobilis\"},\"image\":{\"@id\":\"https:\/\/colegionobilis.com.br\/#\/schema\/logo\/image\/\"}}]}<\/script>\n<!-- \/ Yoast SEO plugin. -->","yoast_head_json":{"title":"Parceiros - Colegio Nobilis","robots":{"index":"index","follow":"follow","max-snippet":"max-snippet:-1","max-image-preview":"max-image-preview:large","max-video-preview":"max-video-preview:-1"},"canonical":"https:\/\/colegionobilis.com.br\/index.php\/parceiros\/","og_locale":"pt_BR","og_type":"article","og_title":"Parceiros - Colegio Nobilis","og_description":"PARCEIROS Cambridge University PressQualifica\u00e7\u00f5es Cambridge English s\u00e3o exames de n\u00edvel que tornam o aprendizado de ingl\u00eas agrad\u00e1vel, eficaz e gratificante.\u00a0 www.cambridgeenglish.org\/br Y\u00e1zigi \u2013 Santo Andr\u00e9 \u2013 CentroEndere\u00e7o: Rua Santo Andr\u00e9, 380HCentro \u2013 Santo Andr\u00e9 \u2013 SPTel. (11) 2896-6082www.yazigi.com.br Livraria Affosno e CastellanoEndere\u00e7o: Rua das Bandeiras, 416Bairro Jardim &#8211; Santo Andr\u00e9 \u2013 SP &#8211; CEP: 09090-780Tel. [&hellip;]","og_url":"https:\/\/colegionobilis.com.br\/index.php\/parceiros\/","og_site_name":"Colegio Nobilis","article_modified_time":"2025-10-03T20:03:21+00:00","twitter_card":"summary_large_image","twitter_misc":{"Est. tempo de leitura":"1 minuto"},"schema":{"@context":"https:\/\/schema.org","@graph":[{"@type":"WebPage","@id":"https:\/\/colegionobilis.com.br\/index.php\/parceiros\/","url":"https:\/\/colegionobilis.com.br\/index.php\/parceiros\/","name":"Parceiros - Colegio Nobilis","isPartOf":{"@id":"https:\/\/colegionobilis.com.br\/#website"},"datePublished":"2024-03-07T20:52:29+00:00","dateModified":"2025-10-03T20:03:21+00:00","breadcrumb":{"@id":"https:\/\/colegionobilis.com.br\/index.php\/parceiros\/#breadcrumb"},"inLanguage":"pt-BR","potentialAction":[{"@type":"ReadAction","target":["https:\/\/colegionobilis.com.br\/index.php\/parceiros\/"]}]},{"@type":"BreadcrumbList","@id":"https:\/\/colegionobilis.com.br\/index.php\/parceiros\/#breadcrumb","itemListElement":[{"@type":"ListItem","position":1,"name":"In\u00edcio","item":"https:\/\/colegionobilis.com.br\/"},{"@type":"ListItem","position":2,"name":"Parceiros"}]},{"@type":"WebSite","@id":"https:\/\/colegionobilis.com.br\/#website","url":"https:\/\/colegionobilis.com.br\/","name":"Colegio Nobilis","description":"","publisher":{"@id":"https:\/\/colegionobilis.com.br\/#organization"},"potentialAction":[{"@type":"SearchAction","target":{"@type":"EntryPoint","urlTemplate":"https:\/\/colegionobilis.com.br\/?s={search_term_string}"},"query-input":{"@type":"PropertyValueSpecification","valueRequired":true,"valueName":"search_term_string"}}],"inLanguage":"pt-BR"},{"@type":"Organization","@id":"https:\/\/colegionobilis.com.br\/#organization","name":"Colegio Nobilis","url":"https:\/\/colegionobilis.com.br\/","logo":{"@type":"ImageObject","inLanguage":"pt-BR","@id":"https:\/\/colegionobilis.com.br\/#\/schema\/logo\/image\/","url":"https:\/\/colegionobilis.com.br\/wp-content\/uploads\/2024\/03\/logocompleto.png","contentUrl":"https:\/\/colegionobilis.com.br\/wp-content\/uploads\/2024\/03\/logocompleto.png","width":430,"height":121,"caption":"Colegio Nobilis"},"image":{"@id":"https:\/\/colegionobilis.com.br\/#\/schema\/logo\/image\/"}}]}},"_links":{"self":[{"href":"https:\/\/colegionobilis.com.br\/index.php\/wp-json\/wp\/v2\/pages\/243","targetHints":{"allow":["GET"]}}],"collection":[{"href":"https:\/\/colegionobilis.com.br\/index.php\/wp-json\/wp\/v2\/pages"}],"about":[{"href":"https:\/\/colegionobilis.com.br\/index.php\/wp-json\/wp\/v2\/types\/page"}],"author":[{"embeddable":true,"href":"https:\/\/colegionobilis.com.br\/index.php\/wp-json\/wp\/v2\/users\/1"}],"replies":[{"embeddable":true,"href":"https:\/\/colegionobilis.com.br\/index.php\/wp-json\/wp\/v2\/comments?post=243"}],"version-history":[{"count":8,"href":"https:\/\/colegionobilis.com.br\/index.php\/wp-json\/wp\/v2\/pages\/243\/revisions"}],"predecessor-version":[{"id":646,"href":"https:\/\/colegionobilis.com.br\/index.php\/wp-json\/wp\/v2\/pages\/243\/revisions\/646"}],"wp:attachment":[{"href":"https:\/\/colegionobilis.com.br\/index.php\/wp-json\/wp\/v2\/media?parent=243"}],"curies":[{"name":"wp","href":"https:\/\/api.w.org\/{rel}","templated":true}]}}